35)).
-25
((2 - -14) + -5 - (63 + -51)) + -4
-5
Evaluate 66 - ((-2 + 16 + -6 - 2) + 2).
58
What is 25 + 6 + (-6 - -30) - -31?
86
Evaluate -198 + 189 - (1 + -3 - (-2 - -121)).
112
Evaluate -19 + (-12 - (0 + -4 + -17)) - 22.
-32
What is the value of -1 + (-9 - ((-9 - 9) + 8))?
0
What is the value of 34 - (39 - 6) - (4 - (-5 - 58))?
-66
46 - (19 + (-17 - -7) - -17)
20
-341 + 434 - (-41 + -7)
141
What is the value of -4 + 2 + 11 + -21 + -36 + 12?
-36
Evaluate 14 + 84 + -75 + (-26 - -5) + -1.
1
(-77 - (-12 - 13)) + 8
-44
What is (10 - 12 - (1 + -6)) + (22 - 33 - 31)?
-39
Calculate 46 - (17 - (17 - 21)).
25
Evaluate -284 - -329 - (-3 + 12).
36
What is the value of (2 + -37 - (-10 - 33)) + -76?
-68
What is the value of (-56 - -2) + 1240 + -1130?
56
2 + 31 + 1 - (4294 + -4280)
20
61 - (14 - ((-12 + 4 - -2) + 11) - 0)
52
Calculate 0 + 22 - (47 + -36).
11
2 - (0 - 10) - (10076 + -10035)
-29
38 - (126 - (38 + 16))
-34
Evaluate 49 + -67 - (-29 + -8).
19
What is the value of 14 + -29 + 2 + (7 - 22)?
-28
Evaluate -5 + (-4 - ((-4 - 1) + -8)) + -24.
-20
What is -25 + -26 + 7 - -7?
-37
What is the value of (-33 - 52) + ((-16 - -22) + -2 - 18)?
-99
What is the value of -7 + (-57 - (-28 - 13))?
-23
Calculate (-48 - -114) + -84 + 26.
8
27 - (5 + -9 - -15) - 20
-4
Evaluate -2 + (-8 - -40 - 16) + -7 + 10.
17
Calculate -8 + 2 - (15 + -30 + 7) - -79.
81
Calculate 69536 + -69538 + (-120 - (-4 - (-1 + -1))).
-120
What is the value of -132 - -3 - (-21 + (29 + -50 - -19))?
-106
Evaluate 9 - (-23 + 3 + 44) - -22.
7
What is the value of 123 - (38 - (-241 - -167))?
11
(-27 - (-6 - 37)) + -60
-44
4 - ((227 - 169) + -126 - (2 + -1 - 11))
62
What is 15 + (-16 - 81) - -31?
-51
Evaluate (57 - -1) + (-1 - 23) + 219 + -177.
76
66 + 14 + -82 + 28
26
What is the value of -12 - (93 + -69 + -52)?
16
Evaluate (-382 - -402) + (0 - (1 + 13)) + 0 + 60.
66
What is -45 + (7 - 20) + (-1 - (-14 + -5))?
-40
Evaluate -146 + (9 - (-22 + (9 - -34) + 0 + -10)).
-148
What is -1 + 23 + (-5 - 26 - (-6 - 16)) + -90?
-77
Evaluate -13 - ((57 - (1 + 6)) + (-3 - -4)).
-64
What is 5 + (-15 - 3) + 43 - 16?
14
Evaluate (-25 - 90) + 54 + 122.
61
What is -17 + -3 + -5 - (971 - 976)?
-20
-1 + (3 - (21 + 2)) + 10
-11
Evaluate -16 + -2 - (358 - 346).
-30
What is (-13 - 1) + -9 - (474 - 382)?
-115
Calculate -79 + (-37 - -26) + 121.
31
Calculate (-11 - -37) + -43 - (28 - -2).
-47
Calculate 70 - (-98 + 110) - 92.
-34
(-27 - -11) + 57 + -20 + -17 - (-16 - 1)
21
What is -42 + -38 + 60 + 66?
46
What is the value of -5 + -3 + (-22 - -22) + (78 - 16) + -14?
40
Calculate (-8 - 54) + 5 + (-3 - 6) + -3.
-69
What is the value of -29 + 65 - 58 - 7 - (2 - -8)?
-39
-18 + (70 - -8 - (12 + 2))
46
What is the value of -30 - (-10 + (-20 - (-13 - 22) - (7 + 0)))?
-28
Evaluate (-1 - -2) + 18 - (-213 + 205).
27
What is -53 + 17 + 47 + (9 - 1)?
19
Calculate 220 + -258 - (0 + -3 + 8).
-43
What is -38 + -64 + 68 + 39?
5
What is the value of (-37 - (-26 - (0 - 43))) + -20?
-74
-9 - (22 + -16 + -55 + 1)
39
What is -21 + -40 + 4 + 6 + 11?
-40
Calculate 156 + -158 - (0 - 63 - (3 + (-6 - 1))).
57
Calculate (-7 - -7) + (149 - 109).
40
Evaluate -65 + (-16 + -11 + 43 - (4 - -1)).
-54
-3 + (-9 - -2) + -3 + (-8 - 3) + -24
-48
Evaluate 39 + -33 + -34 - (-16 - 8).
-4
Evaluate -31 - (13 - 2 - (30 - (13 + 20))).
-45
(2 + -11 - (13 + 1)) + (36 - -100)
113
What is -45 + 1 - (58 + -28 + -51)?
-23
Evaluate (-254 - (-141 + -132)) + (-1 - -53).
71
(20 - 64 - -15) + 35 - 15
-9
Evaluate -64 - (15 - (36 + -22) - (9 + 4)).
-52
-2 + 5 + 230 + -282
-49
(8 - -6) + -20 + -73 - -11
-68
Calculate 21 + (-16 + -117 - -16) + 1.
-95
Calculate (-6 - (-9 - (-11 - 8))) + (-110 - -234).
108
-29 + (-30 - (-71 - -6)) - (12 - (0 - -1))
-5
Evaluate -11 + (26 - (40 + -27)).
2
Calculate -185 - -211 - (-13 + (33 - 10)).
16
What is the value of 5 + (16 - (-43 - -11))?
53
Evaluate -42 + 5 + 53 + 11 + 2.
29
1 - 51 - (691 + -709)
-32
-22 - (2 + (-8 - (-2 + -19 + 11)))
-26
Calculate -1611 - -1588 - (-41 + (0 - -1)).
17
What is the value of (-14 - (0 + 3)) + 44 + 15 + -70?
-28
Calculate (12 - (-1 + 3)) + (29 + -14 - 20).
5
What is the value of 27 + -13 + -15 + (10 - (-1 - -30))?
-20
Calculate -52 - (-29 + -4) - -60.
41
What is 39 - (21 + -2 + (-54 - -29))?
45
-13 + ((-11 - -7 - -8) + -1 - -10) + 123
123
What is the value of -45 + (-9 - -42) + 7?
-5
Calculate -65 - (-89 - (-127 - -40)).
-63
What is (-1 - 14 - -15) + (5 + -14 - -25) + 0?
16
Evaluate 29 - 77 - (5 - (-1 + 4) - 8).
-42
Calculate -44 + (32 - -4 - (-32 - -48)).
-24
What is 60 - 4 - (-117 + 219)?
-46
Evaluate (-20 - -36 - 8) + 36 + -3 - 5.
36
Calculate (40 - 90) + 22 + (-2 - -5).
-25
Evaluate 15 + (-4757 + 4744 - (20 + (0 - -1))).
-19
What is the value of 52 + 1 - (-45 + 25 + (9 - -14))?
50
What is ((-21 - -10) + 8 + -2 - 2) + (-62 - -2)?
-67
What is -32 + -7 + 96 + -4?
53
Calculate (-221 - -186) + 103 + -16 + 0 + -1.
51
What is -1330 + 1231 - ((-1 - 12) + 2) - 2?
-90
Calculate -1 + 97 + -82 + (-103 - -2).
-87
-35 - (22 - (27 + -18) - (4 - 3))
-47
Evaluate (4 - -14) + 1 - (-8 + 54 + -44).
17
Calculate 9 + (-78 + 170 - 79 - (41 + (-1 - 0))).
-18
What is (0 - (-8 - -1) - (-257 + 278)) + 5 - -66?
57
What is -106 - (-35 + 109 - 121)?
-59
What is 3 + 5 + -4 + 3 - (-5 + 65 + -36)?
-17
What is the value of (27 - 54) + 5 + (-19 - -3) + 1?
-37
What is 5 + 6 + -13 - (-31 - -21) - (-36 + -3)?
47
Calculate 16 + (46 - (13 + -16) - 100).
-35
3 + -42 + 85 + -2 + -62
-18
Calculate -6 - 41 - -39 - (6 - 93).
79
Evaluate 29 + (7 - -29 - 21) + -126.
-82
Evaluate 36 - 34 - (-2 + (-4 - (52 + -5 + 3))).
58
4 + -4 - 3 - (-48 + 77 - 38)
6
Calculate 79 - (19 - (8 + 6) - -11) - 15.
48
Evaluate 224 + -208 + -56 + (-3 - -14).
-29
What is (-19 - (-2 + 2)) + (191 - (85 - -63))?
24
What is -43 + -1 + 12 - -15?
-17
What is the value of -53 + 2 - -39 - -55?
43
-14 + (53 + -39 - (52 - 17))
-35
What is (-18 + 16 - 10 - -23) + -71?
-60
Evaluate -51 + (34 - 66) + 63.
-20
Calculate 24 + (54 - (-91 + 76)).
93
What is 35 + (54 - (358 - 124))?
-145
-44 + (69 - (28 - -5)) + (-15 - 0)
-23
Evaluate -3 - -20 - ((219 - 289) + (1 - -10)).
76
Evaluate -37 - (22 + (-106 - 36)).
83
Evaluate 1 - -5 - (-42 - (-7 - -13) - -10).
44
19 - (-9 - -43) - -29
14
Evaluate 30 + -1 - (-34 + 10 + 49 + -13).
17
1 - (-5 + 2) - -42
46
What is -28 + -56 + 152 + 0 + -16?
52
Evaluate -18 + 2 + (-118 - -109) + 0 + 15 - -51.
41
Evaluate (-28 + 27 - (0 + 1)) + 6.
4
Evaluate 2 + 1 - (-56 + (6 - 19 - -13)).
59
Evaluate (-3 - ((7 - 1) + 11)) + (290 - 277).
-7
Evaluate (0 + 1 - -5) + (-48 - 13 - -6).
-49
Evaluate -1 + 96 - (59 - (-57 + 88)).
67
65 + 30 + -194 - -34
-65
Evaluate -46 + 65 + -53 + -9.
-43
What is the value of 28 + (-55 - (17 + -77))?
33
Evaluate -16 - 2 - (9 + -131 + 3 + 19).
82
-93 - ((64 - -7) + -245)
81
What is the value of -36 - (1 + 5 - 13) - ((14 - 1) + -26)?
-16
Evaluate -86 + (3 - (22 - (-28 + 37))).
-96
What is 17 - (-650 - -608 - (0 - 71))?
-12
Evaluate (-10 - -55 - 18) + (4 - (-2 - -12)).
21
Evaluate 4 - (-9 - ((3 - -15) + -5)).
26
Evaluate (0 - (-1 + -10)) + (-7 - (94 + -41)).
-49
What is the value of 6 + (7 - 30) + 1?
-16
(-18 - (5 + 6 - 46) - 75) + 1 + 12
-45
What is the value of (1 + -35 - (237 + -255)) + (-10 - 2)?
-28
Calculate (-2 - (-4 + -5 - (-8 + -2))) + 9 - 19.
-13
What is the value of 5 + -13 + 1 - (-3 + 8 - 4) - 12?
-20
Evaluate 36 - (-11 - (-9 - -6)) - (10 - 13).
47
Evaluate (-8 - (-69 + 48) - 2) + -98 + -2.
-89
What is the value of 21 + -9 + -70 + 46 + 22?
10
What is 42 + (-26 - -24) + -35 + -39?
-34
What is the value of -5 + 51 + (4 - (1 + -3)) + 990 + -983?
59
What is (6025 - 5972) + (1 - -3 - 31)?
26
What is the value of (53 - 37) + -10 + (2 - 2) + -16?
-10
What is -12 - ((-2 + -38 - -30) + 12 + 1)?
-15
What is the value of -558 + 382 - (-94 + 0)?
-82
What is -68 - (3 - 136) - 104?
-39
Calculate (-2 - -49) + -2 + (11 - (19 - 17 - -3)).
51
-119 - (2 + 0 + 4 - 3) - (-1478 - -1464)
-108
-12 - (5 - (-8 - 16)) - 0 - -5
-36
Evaluate (18 + -44 - -56 - 73) + -21.
-64
Evaluate 0 + -32 - (67 - (87 + -14)).
-26
What is (-86 - (-32 - (-42 - 15))) + (-23 - -1)?
-133
What is 36 - (-6 + (-42 - -61) + 1 + -1 + -6)?
29
Calculate (3 - 3 - 4 - 12) + (2730 - 2732).
-18
What is (-169 - (-15 - 69)) + -1?
-86
Evaluate -1 + (31 - (-29 - -45)).
14
Calculate 3 + 63 + -54 + (9 - 2).
1